uppose -3*k = -2*r + 17, s*r - 57 = k - 21. What is the greatest common factor of r and 26?
13
Suppose 3*h - 8*h + 4*s = -65, -h - 16 = 5*s. Calculate the highest common factor of 81 and h.
9
Let u be ((-3)/(-6))/((-3)/120*-5). Let q = 4 + 0. Calculate the greatest common divisor of q and u.
4
Suppose 5*m - 11 = 4*o + 4*m, 2*m - 14 = 4*o. Let l be 5*(2 + o/2). What is the highest common divisor of 2 and l?
1
Let c(h) = 21*h - 3. Let m be c(2). Calculate the greatest common divisor of 13 and m.
13
Let i be 8/(-36) - -436*5/90. What is the highest common factor of 56 and i?
8
Let r be (27/(-2))/(5/(-10)). Suppose 3*i = -12 + r, -t + 5*i = 16. What is the greatest common factor of 9 and t?
9
Let n be 2/3*(-24 - 3). Let z be ((-2)/(-3))/((-6)/n). Suppose 0 = -g + z*h - 4, 0 = -g + 5*h - 16. What is the highest common factor of g and 1?
1
Let w be 10 - (0 + (-1 - 1)). Let x be (2/(-4))/(2/(-8)). Suppose 3*n - f - 6 = 14, -x*f = -3*n + 16. Calculate the greatest common factor of n and w.
4
Suppose -41 + 1 = -4*t. Let m be (8/t)/((-10)/(-75)). Let l = 51 - -3. What is the greatest common divisor of l and m?
6
Let l(y) = -y. Let q be l(-8). Calculate the greatest common divisor of q and 16.
8
Suppose 8 = -5*v + 108. Suppose 0 = 2*o + v - 204. Calculate the highest common divisor of o and 23.
23
Let y be -2*3/6 + 2. Let d = 3 + y. Calculate the greatest common divisor of d and 32.
4
Suppose 0*q + 3*q - 4*f = 25, 3*q - 1 = -2*f. Suppose 2 - 6 = 2*m, -68 = -q*v - 5*m. Calculate the highest common divisor of 182 and v.
26
Suppose d = 3*s - 5, 3*d + 5*s = -17 + 72. Let t = -7 - -16. Let h = t + -5. What is the greatest common divisor of h and d?
2
Suppose -4*i = 4*y - 67 - 17, 0 = 4*i + y - 75. Let c(t) = 4*t + i*t - 6*t. Let j be c(1). Calculate the highest common factor of j and 16.
16
Let u be ((-5)/(-2))/((-1)/2). Let c(b) = -2*b - 7. Let n be c(u). Let o(a) = a**2 + 7*a + 9. Let w be o(-6). What is the highest common divisor of w and n?
3
Suppose 256 = -4*w + 72. Let j = -28 - w. What is the greatest common factor of j and 45?
9
Let t = 9 - 1. Suppose 7 = p + 3. Suppose -p*j - 200 = -9*j. What is the highest common factor of t and j?
8
Let q = -10 + 15. Let k(p) = -25*p**2 - 2*p - 1. Let w be k(-1). Let a = -14 - w. What is the greatest common factor of a and q?
5
Let y(r) = -r + 1. Let b(n) = -1. Let g(p) = 3*b(p) + y(p). Let v be g(-12). Calculate the highest common divisor of v and 1.
1
Suppose 4*l + l = 0. Suppose 0 = -l*m - m + 38. Let o = m - 21. What is the highest common factor of o and 34?
17
Let r = 38 - 90. Let t = -36 - r. Let o = 20 - 18. Calculate the highest common divisor of o and t.
2
Suppose 0 = 2*s - 4*q - 128, 0*s + 4*s - 5*q - 241 = 0. Let o(j) = -2*j + 4. Let y be o(-6). Let r = s - y. What is the greatest common divisor of r and 57?
19
Suppose -5 = -4*v - v. Let u be (v - -1)/(10/(-525)). Let w be u/(-9) - 1/(-3). What is the greatest common factor of w and 4?
4
Suppose -3*w + 59 + 136 = 0. What is the greatest common factor of w and 26?
13
Suppose 5*k - 3*i = 213, 2*k - 3*i - i - 74 = 0. Calculate the highest common factor of k and 15.
15
Let h be (-2 + 3)*5*-1. Let i be (-2)/(-4) + h/(-2). Let a(t) = -t**3 + 4*t**2 - t + 4. Let k be a(i). What is the highest common factor of 110 and k?
10
Let y be (102/15)/((-2)/(-5)). What is the greatest common factor of 187 and y?
17
Suppose 2*q = q. Suppose 0 = 4*v - q*v - 108. Calculate the highest common divisor of v and 9.
9
Let w be (-26)/(-14) + (-10)/(-70). Suppose 6 = w*o - 5*d, -o = -3*o - d + 6. Suppose o*c - 16 = 2*c. What is the greatest common factor of c and 24?
8
Let m(k) = k**2 + 4*k - 3. Let l be m(-5). Let w be (-3)/(l - 15/12). Let b be 0 + (-39)/(w + 1). Calculate the greatest common divisor of b and 65.
13
Let t(h) = 13*h**2 - 3*h + 2. Let y be t(4). Suppose -2*p + 7*p = 30. Let f(b) = b**2 - 4*b + 6. Let v be f(p). What is the highest common divisor of y and v?
18
Suppose 3*b - 4 = 14. Suppose -a + 2*x = -2*x - b, 80 = 5*a + 5*x. Let i be (-8)/(-28) - (-108)/a. What is the highest common factor of 12 and i?
4
Suppose -h - 12 = -3*h. Calculate the highest common factor of h and 18.
6
Let h(c) = -4 - c - 12 + 18. Let o be ((-1)/((-2)/12))/(-1). Let b be h(o). What is the highest common factor of b and 8?
8
Suppose 0 = 15*f - 13*f - 300. Calculate the greatest common divisor of 100 and f.
50
Suppose 4*d - 62 = -2*j, 2*j = 4*d - 7*d + 63. Suppose -2*l - 5*m + 22 = 0, 0 = -m + 3*m - 4. Let y = l - 3. Calculate the highest common divisor of y and j.
3
Suppose -75 = -5*o - 2*q, -5*q = -q - 20. What is the greatest common factor of o and 91?
13
Let t be (2/(-4))/((-1)/60). Calculate the greatest common factor of 6 and t.
6
Let t(h) = -7*h + 75. Let r be t(9). What is the highest common factor of r and 84?
12
Let z be -3 - -2 - -3 - 0. Suppose -z*q = -5*n - 4*q + 45, 2*n = -q + 19. Let l(c) = 63*c. Let b be l(1). What is the greatest common divisor of n and b?
7
Suppose -4*v + 92 - 12 = 0. What is the greatest common factor of 5 and v?
5
Suppose 9*b = 12*b - 144. Let v be -8*(2 + (-12)/2). Calculate the highest common divisor of v and b.
16
Let u = -1561 - -1059. Let b be u/(-7) + 8/28. What is the highest common divisor of 18 and b?
18
Let a(t) = 2*t + 4. Let w be a(3). Calculate the greatest common factor of 10 and w.
10
Let i = -10 - -18. Suppose 2*a = -l + 1, -5*a - 3*l = -3*a - 11. Let w be 9 - ((-2)/a + 0). Calculate the highest common divisor of w and i.
8
Suppose 3*f = f + 12. Let i = f - 0. Calculate the highest common divisor of 3 and i.
3
Let c(i) = 3*i**2 - 9*i + 4. Let o be c(7). Calculate the highest common divisor of 8 and o.
8
Let m(n) = -4*n + 6*n**2 + 0*n + 0 - n**3 + 5. Let i be m(5). Suppose 0*w + 4*w + 25 = 5*z, 4*z - 20 = -5*w. Calculate the greatest common divisor of i and z.
5
Suppose -145 - 47 = -4*g. Let h be (-3)/(3 + g/(-14)). What is the highest common factor of h and 49?
7
Let l = -120 - -235. Suppose 5*c = l + 125. What is the highest common factor of c and 6?
6
Suppose -3*g - 3*w = 2*g - 136, 6 = 3*w. Calculate the highest common factor of 78 and g.
26
Let l(u) = -u**2 - 16*u + 8. Let z be l(-14). Calculate the greatest common divisor of 72 and z.
36
Suppose -z - 3 + 1 = 0. Let u be 36/15*(-10)/z. Calculate the highest common divisor of 3 and u.
3
Let d(a) = -2*a - 4. Let w be d(-3). Suppose q + w*q - 255 = 0. What is the highest common divisor of q and 17?
17
Suppose -4*c + 188 = 5*l - 0*c, 0 = 2*l + 3*c - 71. Let a = l + -18. Calculate the highest common divisor of a and 110.
22
Suppose 16 = 5*q + 2*m, 2*q - 5*m = 7*q - 10. Let b be 4*q + (-9)/3. Calculate the greatest common factor of b and 13.
13
Suppose 2*g = -9*g + 990. Calculate the highest common divisor of g and 60.
30
Let n(d) = d**3 + 13*d**2 - 16*d + 6. Let v be n(-14). What is the highest common factor of v and 306?
34
Let x be -2 + (-5)/((-5)/226). Let b be (-1 + -1 - -28) + 2. Calculate the greatest common divisor of x and b.
28
Suppose -2*d - 7 = -3, 3*d + 22 = 2*c. Calculate the highest common divisor of 40 and c.
8
Suppose -5*g + 0 = -10. Suppose g*u + 6 = -40. Let h = u - -39. What is the greatest common divisor of h and 80?
16
Let r be (-4)/10 - 904/(-10). Suppose 0 = 4*o + o - r. Let p = -2 - -8. Calculate the highest common factor of p and o.
6
Let b(s) = s**3 + 15*s**2 + 10*s - 2. Let z be b(-13). Suppose -46 = 4*u - z. Calculate the greatest common divisor of u and 5.
5
Let v = 49 - 73. Let b = 14 + v. Let j be 2/(-4) + (-75)/b. Calculate the greatest common factor of 14 and j.
7
Let g(b) = b**2 - 2*b. Let i be g(-6). Let k = -3 + i. Calculate the highest common divisor of 30 and k.
15
Let j(z) = 3*z - 3*z - 7 + 1 + 2*z. Let t be j(5). Let q be 6*6 + 0/1. Calculate the highest common factor of q and t.
4
Let z be (-196)/(-8)*12/7. Let c = 66 - z. Let d be 5/20 - (-11)/4. Calculate the highest common factor of c and d.
3
Suppose -2*o = -11 - 19. Let m = 108 - -12. Calculate the greatest common factor of o and m.
15
Suppose 0 = 4*l - 2*u - 88, -u + 22 + 39 = 3*l. Suppose 5*w - 1 = 14. What is the greatest common divisor of w and l?
3
Let b be (-4 - -2)/(10/(-15)). Suppose 2*m = 33 + b. Let a = -21 + 30. Calculate the greatest common divisor of m and a.
9
Let u(w) = -w +